{"id":5739,"date":"2026-01-26T17:08:44","date_gmt":"2026-01-26T20:08:44","guid":{"rendered":"https:\/\/loskitsdelagringuita.cl\/tienda\/?post_type=product&#038;p=5739"},"modified":"2026-01-26T17:08:45","modified_gmt":"2026-01-26T20:08:45","slug":"cable-giratorio-lantern-moon","status":"publish","type":"product","link":"https:\/\/loskitsdelagringuita.cl\/tienda\/producto\/cable-giratorio-lantern-moon\/","title":{"rendered":"Cable Giratorio &#8211; Lantern Moon"},"content":{"rendered":"<p>Estos cables giratorios est\u00e1n pensados para proyectos redondos sin complicaciones. Estos est\u00e1n dise\u00f1ados para evitar que la aguja se retuerza mientras tejes, ya que el cable gira suavemente en la uni\u00f3n. Adem\u00e1s, el conector cuenta con rosca para una colocaci\u00f3n sencilla en las puntas de los palillos<\/p>\n<p>Estos cables est\u00e1n hechos de<strong> acero inoxidable<\/strong> recubierto de nailon que se desenrolla sin esfuerzo y permanece relajado, sin torsiones molestas. Con una gama de 7 longitudes disponibles, desde 40 hasta 150 cm, encontrar\u00e1s el cable perfecto para adaptarse a tus proyectos.<\/p>\n<p><strong>Cada set incluye:\u00a0<\/strong><\/p>\n<ul>\n<li>2 Cables de la medida de la caja<\/li>\n<li>2 tapas de madera<\/li>\n<li>1 Llave para apretar<\/li>\n<\/ul>\n<p>&nbsp;<\/p>\n<p><strong>La medida que indica el cable es incluyendo los palillos normales:<\/strong><\/p>\n<ul>\n<li>20 cm y con palillos intercambiables normales queda en 40 cm<\/li>\n<li>29 cm y con palillos intercambiables normales queda en 50 cm<\/li>\n<li>35 cm y con palillos intercambiables normales queda en 60 cm<\/li>\n<li>56 cm y con palillos intercambiables normales queda en 80 cm<\/li>\n<li>76 cm y con palillos intercambiables normales queda en 100 cm<\/li>\n<li>94 cm y con palillos intercambiables normales queda en 120 cm<\/li>\n<li>126 cm y con palillos intercambiables normales queda en 150 cm<\/li>\n<\/ul>\n","protected":false},"excerpt":{"rendered":"<p>Estos cables giratorios est\u00e1n pensados para proyectos redondos sin complicaciones. Estos est\u00e1n dise\u00f1ados para evitar que la aguja se retuerza mientras tejes, ya que el cable<span class=\"excerpt-hellip\"> [\u2026]<\/span><\/p>\n","protected":false},"featured_media":0,"template":"","meta":[],"product_brand":[],"product_cat":[19],"product_tag":[],"class_list":{"0":"post-5739","1":"product","2":"type-product","3":"status-publish","5":"product_cat-sin-categoria","7":"first","8":"instock","9":"taxable","10":"shipping-taxable","11":"purchasable","12":"product-type-variable"},"_links":{"self":[{"href":"https:\/\/loskitsdelagringuita.cl\/tienda\/wp-json\/wp\/v2\/product\/5739","targetHints":{"allow":["GET"]}}],"collection":[{"href":"https:\/\/loskitsdelagringuita.cl\/tienda\/wp-json\/wp\/v2\/product"}],"about":[{"href":"https:\/\/loskitsdelagringuita.cl\/tienda\/wp-json\/wp\/v2\/types\/product"}],"wp:attachment":[{"href":"https:\/\/loskitsdelagringuita.cl\/tienda\/wp-json\/wp\/v2\/media?parent=5739"}],"wp:term":[{"taxonomy":"product_brand","embeddable":true,"href":"https:\/\/loskitsdelagringuita.cl\/tienda\/wp-json\/wp\/v2\/product_brand?post=5739"},{"taxonomy":"product_cat","embeddable":true,"href":"https:\/\/loskitsdelagringuita.cl\/tienda\/wp-json\/wp\/v2\/product_cat?post=5739"},{"taxonomy":"product_tag","embeddable":true,"href":"https:\/\/loskitsdelagringuita.cl\/tienda\/wp-json\/wp\/v2\/product_tag?post=5739"}],"curies":[{"name":"wp","href":"https:\/\/api.w.org\/{rel}","templated":true}]}}