{"id":5612,"date":"2026-01-26T12:51:06","date_gmt":"2026-01-26T15:51:06","guid":{"rendered":"https:\/\/loskitsdelagringuita.cl\/tienda\/?post_type=product&#038;p=5612"},"modified":"2026-01-26T15:47:33","modified_gmt":"2026-01-26T18:47:33","slug":"set-explore-palillos-fijos-de-25-cm-mindful","status":"publish","type":"product","link":"https:\/\/loskitsdelagringuita.cl\/tienda\/producto\/set-explore-palillos-fijos-de-25-cm-mindful\/","title":{"rendered":"Set Explore Palillos Fijos de 25 cm &#8211; Mindful"},"content":{"rendered":"<p data-start=\"194\" data-end=\"454\">El <strong data-start=\"197\" data-end=\"212\">Set Explore<\/strong> incluye <strong data-start=\"221\" data-end=\"259\">8 agujas circulares fijas de 25 cm<\/strong>, perfectas para tejer calcetines y otros proyectos peque\u00f1os. Dise\u00f1ado para quienes disfrutan trabajar con circulares fijas, este set combina funcionalidad y est\u00e9tica en una presentaci\u00f3n cuidada.<\/p>\n<p data-start=\"456\" data-end=\"735\">Se presenta en un <strong data-start=\"474\" data-end=\"510\">elegante estuche redondo de tela<\/strong>, con un delicado <strong data-start=\"528\" data-end=\"546\">motivo Mandala.<\/strong>\u00a0El estuche se pliega hasta ocupar solo una cuarta parte de su tama\u00f1o, ideal para guardar y transportar.<\/p>\n<h3 data-start=\"872\" data-end=\"889\">\u00bfQu\u00e9 incluye?<\/h3>\n<ul data-start=\"891\" data-end=\"1180\">\n<li data-start=\"891\" data-end=\"998\">\n<p data-start=\"893\" data-end=\"998\">8 palillos circulares fijos de 25 cm en medidas:<br data-start=\"941\" data-end=\"944\" \/><strong data-start=\"946\" data-end=\"998\">2.0 \u2013 2.5 \u2013 3.0 \u2013 3.5 \u2013 4.0 \u2013 4.5 \u2013 5.0 \u2013 6.0 mm<\/strong><\/p>\n<\/li>\n<li data-start=\"999\" data-end=\"1035\">\n<p data-start=\"1001\" data-end=\"1035\">Estuche de tela con motivo Mandala<\/p>\n<\/li>\n<li data-start=\"1036\" data-end=\"1055\">\n<p data-start=\"1038\" data-end=\"1055\">1 tijera plegable<\/p>\n<\/li>\n<li data-start=\"1056\" data-end=\"1079\">\n<p data-start=\"1058\" data-end=\"1079\">1 medidor de palillos<\/p>\n<\/li>\n<li data-start=\"1080\" data-end=\"1098\">\n<p data-start=\"1082\" data-end=\"1098\">2 agujas laneras<\/p>\n<\/li>\n<li data-start=\"1099\" data-end=\"1127\">\n<p data-start=\"1101\" data-end=\"1127\">10 marcadores tipo candado<\/p>\n<\/li>\n<li data-start=\"1128\" data-end=\"1155\">\n<p data-start=\"1130\" data-end=\"1155\">10 marcadores tipo gancho<\/p>\n<\/li>\n<li data-start=\"1156\" data-end=\"1180\">\n<p data-start=\"1158\" data-end=\"1180\">30 marcadores redondos<\/p>\n<\/li>\n<\/ul>\n","protected":false},"excerpt":{"rendered":"<p>El Set Explore incluye 8 agujas circulares fijas de 25 cm, perfectas para tejer calcetines y otros proyectos peque\u00f1os. Dise\u00f1ado para quienes disfrutan trabajar con circulares<span class=\"excerpt-hellip\"> [\u2026]<\/span><\/p>\n","protected":false},"featured_media":5613,"template":"","meta":[],"product_brand":[],"product_cat":[19,65],"product_tag":[],"class_list":{"0":"post-5612","1":"product","2":"type-product","3":"status-publish","4":"has-post-thumbnail","6":"product_cat-sin-categoria","7":"product_cat-the-mindful-collection","9":"first","10":"instock","11":"taxable","12":"shipping-taxable","13":"purchasable","14":"product-type-simple"},"_links":{"self":[{"href":"https:\/\/loskitsdelagringuita.cl\/tienda\/wp-json\/wp\/v2\/product\/5612","targetHints":{"allow":["GET"]}}],"collection":[{"href":"https:\/\/loskitsdelagringuita.cl\/tienda\/wp-json\/wp\/v2\/product"}],"about":[{"href":"https:\/\/loskitsdelagringuita.cl\/tienda\/wp-json\/wp\/v2\/types\/product"}],"wp:featuredmedia":[{"embeddable":true,"href":"https:\/\/loskitsdelagringuita.cl\/tienda\/wp-json\/wp\/v2\/media\/5613"}],"wp:attachment":[{"href":"https:\/\/loskitsdelagringuita.cl\/tienda\/wp-json\/wp\/v2\/media?parent=5612"}],"wp:term":[{"taxonomy":"product_brand","embeddable":true,"href":"https:\/\/loskitsdelagringuita.cl\/tienda\/wp-json\/wp\/v2\/product_brand?post=5612"},{"taxonomy":"product_cat","embeddable":true,"href":"https:\/\/loskitsdelagringuita.cl\/tienda\/wp-json\/wp\/v2\/product_cat?post=5612"},{"taxonomy":"product_tag","embeddable":true,"href":"https:\/\/loskitsdelagringuita.cl\/tienda\/wp-json\/wp\/v2\/product_tag?post=5612"}],"curies":[{"name":"wp","href":"https:\/\/api.w.org\/{rel}","templated":true}]}}