{"id":5372,"date":"2026-01-21T12:49:14","date_gmt":"2026-01-21T15:49:14","guid":{"rendered":"https:\/\/loskitsdelagringuita.cl\/tienda\/?post_type=product&#038;p=5372"},"modified":"2026-01-26T15:55:22","modified_gmt":"2026-01-26T18:55:22","slug":"escarcha","status":"publish","type":"product","link":"https:\/\/loskitsdelagringuita.cl\/tienda\/producto\/escarcha\/","title":{"rendered":"Escarcha"},"content":{"rendered":"<p data-start=\"0\" data-end=\"358\">El <strong data-start=\"3\" data-end=\"30\">hilado Escarcha Petunia<\/strong> es un ovillo con <strong data-start=\"48\" data-end=\"84\">brillo ligero <\/strong>que suma un toque especial a tus tejidos . Su composici\u00f3n combina acr\u00edlico y poli\u00e9ster, lo que lo hace <strong data-start=\"189\" data-end=\"238\">suave y rendidor<\/strong> ideal para prendas, accesorios y proyectos para temporadas de mas frio \ud83d\ude0d<\/p>\n<p data-start=\"609\" data-end=\"1034\"><strong data-start=\"609\" data-end=\"630\">Detalles r\u00e1pidos:<\/strong><br data-start=\"630\" data-end=\"633\" \/>\u2022 Composici\u00f3n: 97% acr\u00edlico \u2013 3% poli\u00e9ster (hilo de brillo) \ud83c\udf1f <br data-start=\"733\" data-end=\"736\" \/>\u2022 Ovillo de 100\u202fg (~360\u202fm) \ud83d\udccf <br data-start=\"803\" data-end=\"806\" \/>\u2022 Palillos recomendados: 4\u202f\u2013\u202f5\u202fmm \ud83e\udea1 <br data-start=\"880\" data-end=\"883\" \/>\u2022 Crochet recomendado: 4\u202fmm \ud83e\uddf6 <br data-start=\"951\" data-end=\"954\" \/>\u2022 Brillo sutil que realza tus proyectos \ud83d\udcab<\/p>\n","protected":false},"excerpt":{"rendered":"<p>El hilado Escarcha Petunia es un ovillo con brillo ligero que suma un toque especial a tus tejidos . Su composici\u00f3n combina acr\u00edlico y poli\u00e9ster, lo<span class=\"excerpt-hellip\"> [\u2026]<\/span><\/p>\n","protected":false},"featured_media":5373,"template":"","meta":[],"product_brand":[],"product_cat":[19,30],"product_tag":[],"class_list":{"0":"post-5372","1":"product","2":"type-product","3":"status-publish","4":"has-post-thumbnail","6":"product_cat-sin-categoria","7":"product_cat-hilados-acrilicos","9":"first","10":"instock","11":"taxable","12":"shipping-taxable","13":"purchasable","14":"product-type-variable"},"_links":{"self":[{"href":"https:\/\/loskitsdelagringuita.cl\/tienda\/wp-json\/wp\/v2\/product\/5372","targetHints":{"allow":["GET"]}}],"collection":[{"href":"https:\/\/loskitsdelagringuita.cl\/tienda\/wp-json\/wp\/v2\/product"}],"about":[{"href":"https:\/\/loskitsdelagringuita.cl\/tienda\/wp-json\/wp\/v2\/types\/product"}],"wp:featuredmedia":[{"embeddable":true,"href":"https:\/\/loskitsdelagringuita.cl\/tienda\/wp-json\/wp\/v2\/media\/5373"}],"wp:attachment":[{"href":"https:\/\/loskitsdelagringuita.cl\/tienda\/wp-json\/wp\/v2\/media?parent=5372"}],"wp:term":[{"taxonomy":"product_brand","embeddable":true,"href":"https:\/\/loskitsdelagringuita.cl\/tienda\/wp-json\/wp\/v2\/product_brand?post=5372"},{"taxonomy":"product_cat","embeddable":true,"href":"https:\/\/loskitsdelagringuita.cl\/tienda\/wp-json\/wp\/v2\/product_cat?post=5372"},{"taxonomy":"product_tag","embeddable":true,"href":"https:\/\/loskitsdelagringuita.cl\/tienda\/wp-json\/wp\/v2\/product_tag?post=5372"}],"curies":[{"name":"wp","href":"https:\/\/api.w.org\/{rel}","templated":true}]}}